{"id":1326,"date":"2017-10-16T13:06:09","date_gmt":"2017-10-16T13:06:09","guid":{"rendered":"http:\/\/ninzio.com\/bauer\/?page_id=1326"},"modified":"2025-12-17T13:46:52","modified_gmt":"2025-12-17T12:46:52","slug":"diensten","status":"publish","type":"page","link":"https:\/\/www.msbouwenschoonmaak.nl\/?page_id=1326","title":{"rendered":"Diensten"},"content":{"rendered":"<section class=\"wpb-content-wrapper\"><p>[vc_row css=&#8221;.vc_custom_1558595409249{background-image: url(http:\/\/ninzio.com\/bauer\/wp-content\/uploads\/2019\/05\/section-bg1-1.png?id=7977) !important;background-position: center !important;background-repeat: no-repeat !important;background-size: cover !important;}&#8221; el_id=&#8221;first-row&#8221;][vc_column]\r\n\t<div class=\"bauer-spacer clearfix\" data-desktop=\"50\" data-mobi=\"30\" data-smobi=\"30\"><\/div>\r\n\t<div class=\"bauer-spacer clearfix\" data-desktop=\"94\" data-mobi=\"60\" data-smobi=\"60\"><\/div><div class=\"bauer-single-heading clearfix text-center\" style=\"margin-bottom:24px;\"><span class=\"inner\"><span class=\"heading clearfix \" style=\"font-weight:600;color:#ffc600;font-size:30px;\">\r\n\t\tUitmuntendheid in arbeidskrachten voorzien\r\n\t<\/span><\/span><\/div><h3 class=\"bauer-text clearfix text-center\" style=\"\"><p>Bij M.S Bouw &amp; Schoonmaak bieden wij een compleet pakket aan diensten voor woningen, kantoren, vakantiehuizen en bedrijven. Van wekelijkse schoonmaak tot kleine renovaties en tuinonderhoud , u vindt alles op \u00e9\u00e9n plek. Kies hieronder de dienst die bij uw situatie past.<\/p>\n<\/h3>\r\n\t<div class=\"bauer-spacer clearfix\" data-desktop=\"50\" data-mobi=\"30\" data-smobi=\"30\"><\/div>[vc_row_inner disable_element=&#8221;yes&#8221;][vc_column_inner width=&#8221;1\/3&#8243;]<div class=\"bauer-icon-box clearfix icon-top align-center hover-style-1 simple\" style=\"background-color:#f7f9fa;padding:34px 25px 27px;border-radius:5px;border:1px solid #e7e7e7;\" ><div class=\"hover\" style=\"border-radius:5px;background-color:#030f27;\"><\/div><div class=\"wrap-inner\" style=\"position: relative;\"><div class=\"bauer-icon icon-1651377017 accent custom\"  data-background=\"\">\r\n\t\t\t\t<span class=\"icon\" style=\"font-size:50px;width:50px;height:50px;border-style:solid;line-height:50px;\"><i class=\"bauerico-building\"><\/i><\/span>\r\n\t\t\t<\/div> <h3 class=\"heading \" style=\"font-size:20px;line-height:24px;margin-top:22px;margin-bottom:12px;\">\r\n\t\t\t<span>Schoonmaak<\/span>\r\n\t\t<\/h3><div class=\"desc\" style=\"\"><p>Schoonmaken van scholen,\u00a0<span><\/span>Al jaren doen wij met onze ervaren medewerkers de schoonmaakwerkzaamheden van scholen tijdens de vaste, halfjaarlijkse en eindejaarsvakantie,\u00a0Schoonmaken van kantoren,\u00a0Schoonmaak bejaardentehuis,\u00a0Appartement schoonmaken,\u00a0Huis en villa schoonmaak,\u00a0Schoonmaak na de bouw,\u00a0Schoonmaken van trappen en ramen,\u00a0Schoonmaken winkelcentrum,\u00a0Schoonmaken van vloeren<\/p>\n<\/div> <div class=\"hover\" style=\"border-radius:5px;background-color:#030f27;\"><\/div><\/div><\/div>\r\n\t<div class=\"bauer-spacer clearfix\" data-desktop=\"30\" data-mobi=\"30\" data-smobi=\"30\"><\/div>[\/vc_column_inner][vc_column_inner width=&#8221;1\/3&#8243;]<div class=\"bauer-icon-box clearfix icon-top align-center hover-style-1 simple\" style=\"background-color:#f7f9fa;padding:34px 25px 27px;border-radius:5px;border:1px solid #e7e7e7;\" ><div class=\"hover\" style=\"border-radius:5px;background-color:#030f27;\"><\/div><div class=\"wrap-inner\" style=\"position: relative;\"><div class=\"bauer-icon icon-1956640832 accent custom\"  data-background=\"\">\r\n\t\t\t\t<span class=\"icon\" style=\"font-size:50px;width:50px;height:50px;border-style:solid;line-height:50px;\"><i class=\"bauerico-brick-wall\"><\/i><\/span>\r\n\t\t\t<\/div> <h3 class=\"heading \" style=\"font-size:20px;line-height:24px;margin-top:22px;margin-bottom:12px;\">\r\n\t\t\t<span>\u0130n\u015faat<\/span>\r\n\t\t<\/h3><div class=\"desc\" style=\"\"><p>Y\u0131k\u0131m &amp; d\u00f6k\u00fcm i\u015fleri, Su ve elektrik tesisat\u0131, Fayans d\u00f6\u015feme, Komple banyo-tuvalet ve mutfak in\u015faat\u0131, \u0130\u00e7 dekorasyon<\/p>\n<\/div> <div class=\"hover\" style=\"border-radius:5px;background-color:#030f27;\"><\/div><\/div><\/div>\r\n\t<div class=\"bauer-spacer clearfix\" data-desktop=\"30\" data-mobi=\"30\" data-smobi=\"30\"><\/div>[\/vc_column_inner][vc_column_inner width=&#8221;1\/3&#8243;]<div class=\"bauer-icon-box clearfix icon-top align-center hover-style-1 simple\" style=\"background-color:#f7f9fa;padding:34px 25px 27px;border-radius:5px;border:1px solid #e7e7e7;\" ><div class=\"hover\" style=\"border-radius:5px;background-color:#030f27;\"><\/div><div class=\"wrap-inner\" style=\"position: relative;\"><div class=\"bauer-icon icon-1030760287 accent custom\"  data-background=\"\">\r\n\t\t\t\t<span class=\"icon\" style=\"font-size:50px;width:50px;height:50px;border-style:solid;line-height:50px;\"><i class=\"bauerico-barrel\"><\/i><\/span>\r\n\t\t\t<\/div> <h3 class=\"heading \" style=\"font-size:20px;line-height:24px;margin-top:22px;margin-bottom:12px;\">\r\n\t\t\t<span>Yol<\/span>\r\n\t\t<\/h3><div class=\"desc\" style=\"\"><p>Kablo d\u00f6\u015feme, Yol yap\u0131m\u0131nda yard\u0131mc\u0131 eleman, Yol a\u00e7ma-kapama, Yol ta\u015flar\u0131 d\u00f6\u015feme <\/p>\n<\/div> <div class=\"hover\" style=\"border-radius:5px;background-color:#030f27;\"><\/div><\/div><\/div>\r\n\t<div class=\"bauer-spacer clearfix\" data-desktop=\"30\" data-mobi=\"30\" data-smobi=\"30\"><\/div>[\/vc_column_inner][vc_column_inner]<h2 class=\"bauer-special-text text-left\">\r\n        <span style=\"font-family:;\"><\/span><span style=\"font-family:;\"><\/span><span style=\"font-family:;\"><\/span>\r\n    <\/h2>[\/vc_column_inner][\/vc_row_inner][vc_row_inner disable_element=&#8221;yes&#8221;][vc_column_inner width=&#8221;1\/3&#8243;]<div class=\"bauer-icon-box clearfix icon-top align-center hover-style-1 simple\" style=\"background-color:#f7f9fa;padding:34px 25px 27px;border-radius:5px;border:1px solid #e7e7e7;\" ><div class=\"hover\" style=\"border-radius:5px;background-color:#030f27;\"><\/div><div class=\"wrap-inner\" style=\"position: relative;\"><div class=\"bauer-icon icon-176275730 accent custom\"  data-background=\"\">\r\n\t\t\t\t<span class=\"icon\" style=\"font-size:50px;width:50px;height:50px;border-style:solid;line-height:50px;\"><i class=\"bauerico-building\"><\/i><\/span>\r\n\t\t\t<\/div> <h3 class=\"heading \" style=\"font-size:20px;line-height:24px;margin-top:22px;margin-bottom:12px;\">\r\n\t\t\t<span>Park &amp; Bah\u00e7e<\/span>\r\n\t\t<\/h3><div class=\"desc\" style=\"\"><p>Park bah\u00e7e bak\u0131m, onar\u0131m, temizleme<\/p>\n<\/div> <div class=\"hover\" style=\"border-radius:5px;background-color:#030f27;\"><\/div><\/div><\/div>\r\n\t<div class=\"bauer-spacer clearfix\" data-desktop=\"30\" data-mobi=\"30\" data-smobi=\"30\"><\/div>[\/vc_column_inner][vc_column_inner width=&#8221;1\/3&#8243;]<div class=\"bauer-icon-box clearfix icon-top align-center hover-style-1 simple\" style=\"background-color:#f7f9fa;padding:34px 25px 27px;border-radius:5px;border:1px solid #e7e7e7;\" ><div class=\"hover\" style=\"border-radius:5px;background-color:#030f27;\"><\/div><div class=\"wrap-inner\" style=\"position: relative;\"><div class=\"bauer-icon icon-263201336 accent custom\"  data-background=\"\">\r\n\t\t\t\t<span class=\"icon\" style=\"font-size:50px;width:50px;height:50px;border-style:solid;line-height:50px;\"><i class=\"bauerico-brick-wall\"><\/i><\/span>\r\n\t\t\t<\/div> <h3 class=\"heading \" style=\"font-size:20px;line-height:24px;margin-top:22px;margin-bottom:12px;\">\r\n\t\t\t<span>Otel<\/span>\r\n\t\t<\/h3><div class=\"desc\" style=\"\"><p>Otel temizli\u011fi, Oda ve katlar\u0131n temizli\u011fi, Elektrik, su ve mobilya tamirat i\u015fleri<\/p>\n<\/div> <div class=\"hover\" style=\"border-radius:5px;background-color:#030f27;\"><\/div><\/div><\/div>\r\n\t<div class=\"bauer-spacer clearfix\" data-desktop=\"30\" data-mobi=\"30\" data-smobi=\"30\"><\/div>[\/vc_column_inner][vc_column_inner width=&#8221;1\/3&#8243;]<div class=\"bauer-icon-box clearfix icon-top align-center hover-style-1 simple\" style=\"background-color:#f7f9fa;padding:34px 25px 27px;border-radius:5px;border:1px solid #e7e7e7;\" ><div class=\"hover\" style=\"border-radius:5px;background-color:#030f27;\"><\/div><div class=\"wrap-inner\" style=\"position: relative;\"><div class=\"bauer-icon icon-433400060 accent custom\"  data-background=\"\">\r\n\t\t\t\t<span class=\"icon\" style=\"font-size:50px;width:50px;height:50px;border-style:solid;line-height:50px;\"><i class=\"bauerico-barrel\"><\/i><\/span>\r\n\t\t\t<\/div> <h3 class=\"heading \" style=\"font-size:20px;line-height:24px;margin-top:22px;margin-bottom:12px;\">\r\n\t\t\t<span>Mobilya<\/span>\r\n\t\t<\/h3><div class=\"desc\" style=\"\"><p>E\u015fya ta\u015f\u0131ma, Mobilya montaj\u0131 <\/p>\n<\/div> <div class=\"hover\" style=\"border-radius:5px;background-color:#030f27;\"><\/div><\/div><\/div>\r\n\t<div class=\"bauer-spacer clearfix\" data-desktop=\"30\" data-mobi=\"30\" data-smobi=\"30\"><\/div>[\/vc_column_inner][\/vc_row_inner][\/vc_column][vc_column][\/vc_column][vc_column][\/vc_column][\/vc_row][vc_row row_content_position=&#8221;middle&#8221; row_equal_height=&#8221;yes&#8221; css=&#8221;.vc_custom_1675461592015{margin-top: 30px !important;padding-bottom: 30px !important;}&#8221; el_id=&#8221;schoonmaak&#8221;][vc_column width=&#8221;1\/2&#8243;][vc_single_image image=&#8221;9331&#8243; style=&#8221;vc_box_rounded&#8221; onclick=&#8221;custom_link&#8221; link=&#8221;https:\/\/www.msbouwenschoonmaak.nl\/?page_id=10067&#8243;][\/vc_column][vc_column width=&#8221;1\/12&#8243;][\/vc_column][vc_column width=&#8221;5\/12&#8243;]<div class=\"bauer-icon-box clearfix icon-top align-left  simple\" style=\"\" ><div class=\"wrap-inner\" style=\"position: relative;\"> <h3 class=\"heading \" style=\"\">\r\n\t\t\t<a href=\"https:\/\/www.msbouwenschoonmaak.nl\/?page_id=10067\">\r\n\t\t\t\t<span>Schoonmaak<\/span>\r\n\t\t\t<\/a>\r\n\t\t<\/h3><div class=\"desc\" style=\"\"><ul>\n<li>\n<h6><span>Scholen (kinderopvang\/basisscholen)<\/span><\/h6>\n<\/li>\n<li>\n<h6><span>Verzorgingstehuizen<\/span><\/h6>\n<\/li>\n<li>\n<h6><span>Woningcomplexen<\/span><\/h6>\n<\/li>\n<li>\n<h6><span>Complete huis onderhoud<\/span><\/h6>\n<\/li>\n<li>\n<h6><span>Bouwoplevering<\/span><\/h6>\n<\/li>\n<li>\n<h6><span>Trappenhuizen<\/span><\/h6>\n<\/li>\n<\/ul>\n<\/div> <\/div><\/div>[vc_btn title=&#8221;Offerte aanvragen&#8221; style=&#8221;3d&#8221; shape=&#8221;round&#8221; color=&#8221;warning&#8221; align=&#8221;center&#8221; i_icon_fontawesome=&#8221;fas fa-arrow-alt-circle-right&#8221; add_icon=&#8221;true&#8221; link=&#8221;url:https%3A%2F%2Fwww.msbouwenschoonmaak.nl%2F%3Fpage_id%3D10022|title:Offerte|target:_blank&#8221;][\/vc_column][\/vc_row][vc_row row_content_position=&#8221;middle&#8221; row_equal_height=&#8221;yes&#8221; css=&#8221;.vc_custom_1675461545206{margin-top: 30px !important;padding-bottom: 30px !important;}&#8221; el_id=&#8221;bouw&#8221;][vc_column width=&#8221;2\/5&#8243; offset=&#8221;vc_hidden-sm vc_hidden-xs&#8221;]<div class=\"bauer-icon-box clearfix icon-top align-left  simple\" style=\"\" ><div class=\"wrap-inner\" style=\"position: relative;\"><div class=\"bauer-icon icon-753067954 custom custom\"  data-icon=\"\" data-background=\"\">\r\n\t\t\t\t<span class=\"icon\" style=\"font-size:30px;width:60px;height:60px;border-style:solid;\"><i class=\"bauerico-roller\"><\/i><\/span>\r\n\t\t\t<\/div> <h3 class=\"heading \" style=\"\">\r\n\t\t\t<a href=\"https:\/\/www.msbouwenschoonmaak.nl\/?page_id=10446\">\r\n\t\t\t\t<span>Bouw<\/span>\r\n\t\t\t<\/a>\r\n\t\t<\/h3><div class=\"desc\" style=\"\"><ul>\n<li>\n<h6><span>Badkamer renovatie<\/span><\/h6>\n<\/li>\n<li>\n<h6><span>Toilet renovatie<\/span><\/h6>\n<\/li>\n<li>\n<h6><span>Keuken renovatie<\/span><\/h6>\n<\/li>\n<li>\n<h6><span>Sloop- en giet werkzaamheden<\/span><\/h6>\n<\/li>\n<li>\n<h6><span>Elektriciens<\/span><\/h6>\n<\/li>\n<\/ul>\n<\/div> <\/div><\/div>[\/vc_column][vc_column width=&#8221;1\/12&#8243; offset=&#8221;vc_hidden-sm vc_hidden-xs&#8221;][\/vc_column][vc_column width=&#8221;1\/2&#8243; offset=&#8221;vc_hidden-sm vc_hidden-xs&#8221;][vc_single_image image=&#8221;10457&#8243; onclick=&#8221;custom_link&#8221; link=&#8221;https:\/\/www.msbouwenschoonmaak.nl\/?page_id=10446&#8243;][\/vc_column][\/vc_row][vc_row row_content_position=&#8221;middle&#8221; row_equal_height=&#8221;yes&#8221; css=&#8221;.vc_custom_1675461558292{margin-top: 30px !important;padding-bottom: 30px !important;}&#8221; el_id=&#8221;bouw&#8221;][vc_column width=&#8221;1\/2&#8243; offset=&#8221;vc_hidden-lg vc_hidden-md&#8221;][vc_single_image image=&#8221;10457&#8243; onclick=&#8221;custom_link&#8221; link=&#8221;https:\/\/www.msbouwenschoonmaak.nl\/?page_id=10446&#8243;][\/vc_column][vc_column width=&#8221;1\/12&#8243; offset=&#8221;vc_hidden-lg vc_hidden-md&#8221;][\/vc_column][vc_column width=&#8221;2\/5&#8243; offset=&#8221;vc_hidden-lg vc_hidden-md&#8221;]<div class=\"bauer-icon-box clearfix icon-top align-left  simple\" style=\"\" ><div class=\"wrap-inner\" style=\"position: relative;\"> <h3 class=\"heading \" style=\"\">\r\n\t\t\t<a href=\"https:\/\/www.msbouwenschoonmaak.nl\/?page_id=10446\">\r\n\t\t\t\t<span>Bouw<\/span>\r\n\t\t\t<\/a>\r\n\t\t<\/h3><div class=\"desc\" style=\"\"><ul>\n<li><span>Badkamer renovatie<\/span><\/li>\n<li><span>Toilet renovatie<\/span><\/li>\n<li><span>Keuken renovatie<\/span><\/li>\n<li><span>Sloop- en giet werkzaamheden<\/span><\/li>\n<li><span>Elektriciens<\/span><\/li>\n<\/ul>\n<\/div> <\/div><\/div>[\/vc_column][\/vc_row][vc_row row_content_position=&#8221;middle&#8221; row_equal_height=&#8221;yes&#8221; css=&#8221;.vc_custom_1675461628376{margin-top: 30px !important;padding-bottom: 30px !important;}&#8221; el_id=&#8221;wegwerkzaamheden&#8221;][vc_column width=&#8221;1\/2&#8243;][vc_single_image image=&#8221;9332&#8243; onclick=&#8221;custom_link&#8221; link=&#8221;https:\/\/www.msbouwenschoonmaak.nl\/?page_id=10464&#8243;][\/vc_column][vc_column width=&#8221;1\/12&#8243;][\/vc_column][vc_column width=&#8221;2\/5&#8243;]<div class=\"bauer-icon-box clearfix icon-top align-left  simple\" style=\"\" ><div class=\"wrap-inner\" style=\"position: relative;\"> <h3 class=\"heading \" style=\"\">\r\n\t\t\t<a href=\"https:\/\/www.msbouwenschoonmaak.nl\/?page_id=10464\">\r\n\t\t\t\t<span>Wegwerkzaamheden<\/span>\r\n\t\t\t<\/a>\r\n\t\t<\/h3><div class=\"desc\" style=\"\"><ul>\n<li>\n<h6><span>Kabelleggers aan de weg<\/span><\/h6>\n<\/li>\n<li>\n<h6><span>Verkeersregelaars<\/span><\/h6>\n<\/li>\n<li>\n<h6><span>Stratenmakers<\/span><\/h6>\n<\/li>\n<li>\n<h6><span>Ondersteunend personeel in de bouw<\/span><\/h6>\n<\/li>\n<\/ul>\n<\/div> <\/div><\/div>[\/vc_column][\/vc_row][vc_row row_content_position=&#8221;middle&#8221; row_equal_height=&#8221;yes&#8221; css=&#8221;.vc_custom_1687374036389{margin-top: 30px !important;padding-bottom: 30px !important;}&#8221; el_id=&#8221;park-en-tuin&#8221;][vc_column width=&#8221;2\/5&#8243; offset=&#8221;vc_hidden-sm vc_hidden-xs&#8221;]<div class=\"bauer-icon-box clearfix icon-top align-left  simple\" style=\"\" ><div class=\"wrap-inner\" style=\"position: relative;\"> <h3 class=\"heading \" style=\"\">\r\n\t\t\t<a href=\"https:\/\/www.msbouwenschoonmaak.nl\/?page_id=10468\">\r\n\t\t\t\t<span>Park en tuin<\/span>\r\n\t\t\t<\/a>\r\n\t\t<\/h3><div class=\"desc\" style=\"\"><ul>\n<li>\n<h6>Onderhoud, reparatie en schoonmaak van parken en tuinen<\/h6>\n<\/li>\n<\/ul>\n<\/div> <\/div><\/div>[\/vc_column][vc_column width=&#8221;1\/12&#8243; offset=&#8221;vc_hidden-sm vc_hidden-xs&#8221;][\/vc_column][vc_column width=&#8221;1\/2&#8243; offset=&#8221;vc_hidden-sm vc_hidden-xs&#8221;][vc_single_image image=&#8221;9330&#8243; onclick=&#8221;custom_link&#8221; link=&#8221;https:\/\/www.msbouwenschoonmaak.nl\/?page_id=10468&#8243;][\/vc_column][\/vc_row][vc_row row_content_position=&#8221;middle&#8221; row_equal_height=&#8221;yes&#8221; css=&#8221;.vc_custom_1675461674056{margin-top: 30px !important;padding-bottom: 30px !important;}&#8221; el_id=&#8221;park-en-tuin&#8221;][vc_column width=&#8221;1\/2&#8243; offset=&#8221;vc_hidden-lg vc_hidden-md&#8221;][vc_single_image image=&#8221;9330&#8243; onclick=&#8221;custom_link&#8221; link=&#8221;https:\/\/www.msbouwenschoonmaak.nl\/?page_id=10468&#8243;][\/vc_column][vc_column width=&#8221;1\/12&#8243; offset=&#8221;vc_hidden-lg vc_hidden-md&#8221;][\/vc_column][vc_column width=&#8221;2\/5&#8243; offset=&#8221;vc_hidden-lg vc_hidden-md&#8221;]<div class=\"bauer-icon-box clearfix icon-top align-left  simple\" style=\"\" ><div class=\"wrap-inner\" style=\"position: relative;\"> <h3 class=\"heading \" style=\"\">\r\n\t\t\t<a href=\"https:\/\/www.msbouwenschoonmaak.nl\/?page_id=10468\">\r\n\t\t\t\t<span>Park en tuin<\/span>\r\n\t\t\t<\/a>\r\n\t\t<\/h3><div class=\"desc\" style=\"\"><ul>\n<li>Onderhoud, reparatie en schoonmaak van parken en tuinen<\/li>\n<\/ul>\n<\/div> <\/div><\/div>[\/vc_column][\/vc_row][vc_row row_content_position=&#8221;middle&#8221; row_equal_height=&#8221;yes&#8221; css=&#8221;.vc_custom_1675461691148{margin-top: 30px !important;padding-bottom: 30px !important;}&#8221; el_id=&#8221;hotel&#8221;][vc_column width=&#8221;1\/2&#8243;][vc_single_image image=&#8221;9329&#8243; onclick=&#8221;custom_link&#8221; link=&#8221;https:\/\/www.msbouwenschoonmaak.nl\/?page_id=10474&#8243;][\/vc_column][vc_column width=&#8221;1\/12&#8243;][\/vc_column][vc_column width=&#8221;2\/5&#8243;]<div class=\"bauer-icon-box clearfix icon-top align-left  simple\" style=\"\" ><div class=\"wrap-inner\" style=\"position: relative;\"> <h3 class=\"heading \" style=\"\">\r\n\t\t\t<a href=\"https:\/\/www.msbouwenschoonmaak.nl\/?page_id=10474\">\r\n\t\t\t\t<span>Hotel<\/span>\r\n\t\t\t<\/a>\r\n\t\t<\/h3><div class=\"desc\" style=\"\"><ul>\n<li>\n<h6><span>Housekeeping<\/span><\/h6>\n<\/li>\n<li>\n<h6><span>Reparatiewerkzaamheden<\/span><\/h6>\n<\/li>\n<li>\n<h6><span>Supervisor<\/span><\/h6>\n<\/li>\n<li>\n<h6><span>Allround conci\u00ebrge <\/span><\/h6>\n<\/li>\n<\/ul>\n<\/div> <\/div><\/div>[vc_btn title=&#8221;Offerte aanvragen&#8221; style=&#8221;3d&#8221; shape=&#8221;round&#8221; color=&#8221;warning&#8221; align=&#8221;center&#8221; i_icon_fontawesome=&#8221;fas fa-arrow-alt-circle-right&#8221; add_icon=&#8221;true&#8221; link=&#8221;url:https%3A%2F%2Fwww.msbouwenschoonmaak.nl%2F%3Fpage_id%3D10022|title:Offerte|target:_blank&#8221;][\/vc_column][\/vc_row][vc_row row_content_position=&#8221;middle&#8221; row_equal_height=&#8221;yes&#8221; css=&#8221;.vc_custom_1675461715702{margin-top: 30px !important;padding-bottom: 30px !important;}&#8221; el_id=&#8221;verhuizing&#8221;][vc_column width=&#8221;2\/5&#8243; offset=&#8221;vc_hidden-sm vc_hidden-xs&#8221;]<div class=\"bauer-icon-box clearfix icon-top align-left  simple\" style=\"\" ><div class=\"wrap-inner\" style=\"position: relative;\"> <h3 class=\"heading \" style=\"\">\r\n\t\t\t<a href=\"https:\/\/www.msbouwenschoonmaak.nl\/?page_id=10476\">\r\n\t\t\t\t<span>Verhuizing<\/span>\r\n\t\t\t<\/a>\r\n\t\t<\/h3><div class=\"desc\" style=\"\"><ul>\n<li>\n<h6><span>Verhuizing <\/span><\/h6>\n<\/li>\n<li>\n<h6><span>Montagewerkzaamheden (indien nodig)<\/span><\/h6>\n<\/li>\n<li>\n<h6>Wij nemen tijdens uw verhuizen alle zorg uit uw handen!<\/h6>\n<\/li>\n<\/ul>\n<\/div> <\/div><\/div>[\/vc_column][vc_column width=&#8221;1\/12&#8243; offset=&#8221;vc_hidden-sm vc_hidden-xs&#8221;][\/vc_column][vc_column width=&#8221;1\/2&#8243; offset=&#8221;vc_hidden-sm vc_hidden-xs&#8221;][vc_single_image image=&#8221;9333&#8243; onclick=&#8221;custom_link&#8221; link=&#8221;https:\/\/www.msbouwenschoonmaak.nl\/?page_id=10476&#8243;][\/vc_column][\/vc_row][vc_row row_content_position=&#8221;middle&#8221; row_equal_height=&#8221;yes&#8221; css=&#8221;.vc_custom_1675461719400{margin-top: 30px !important;padding-bottom: 30px !important;}&#8221; el_id=&#8221;verhuizing&#8221;][vc_column width=&#8221;1\/2&#8243; offset=&#8221;vc_hidden-lg vc_hidden-md&#8221;][vc_single_image image=&#8221;9333&#8243; onclick=&#8221;custom_link&#8221; link=&#8221;https:\/\/www.msbouwenschoonmaak.nl\/?page_id=10476&#8243;][\/vc_column][vc_column width=&#8221;1\/12&#8243; offset=&#8221;vc_hidden-lg vc_hidden-md&#8221;][\/vc_column][vc_column width=&#8221;2\/5&#8243; offset=&#8221;vc_hidden-lg vc_hidden-md&#8221;]<div class=\"bauer-icon-box clearfix icon-top align-left  simple\" style=\"\" ><div class=\"wrap-inner\" style=\"position: relative;\"> <h3 class=\"heading \" style=\"\">\r\n\t\t\t<a href=\"https:\/\/www.msbouwenschoonmaak.nl\/?page_id=10476\">\r\n\t\t\t\t<span>Verhuizing<\/span>\r\n\t\t\t<\/a>\r\n\t\t<\/h3><div class=\"desc\" style=\"\"><ul>\n<li><span>Verhuizing <\/span><\/li>\n<li><span>Montagewerkzaamheden (indien nodig)<\/span><\/li>\n<\/ul>\n<p style=\"font-weight: 400;\"><span>Wij nemen tijdens uw verhuizen alle zorg uit uw handen!<\/span><\/p>\n<\/div> <\/div><\/div>[\/vc_column][\/vc_row][vc_row][vc_column]\r\n\t<div class=\"bauer-spacer clearfix\" data-desktop=\"100\" data-mobi=\"60\" data-smobi=\"60\"><\/div>[\/vc_column][\/vc_row]<\/p>\n<\/section>","protected":false},"excerpt":{"rendered":"<p>[vc_row css=&#8221;.vc_custom_1558595409249{background-image: url(http:\/\/ninzio.com\/bauer\/wp-content\/uploads\/2019\/05\/section-bg1-1.png?id=7977) !important;background-position: center !important;background-repeat: no-repeat !important;background-size: cover !important;}&#8221; el_id=&#8221;first-row&#8221;][vc_column][vc_row_inner disable_element=&#8221;yes&#8221;][vc_column_inner width=&#8221;1\/3&#8243;][\/vc_column_inner][vc_column_inner width=&#8221;1\/3&#8243;][\/vc_column_inner][vc_column_inner width=&#8221;1\/3&#8243;][\/vc_column_inner][vc_column_inner][\/vc_column_inner][\/vc_row_inner][vc_row_inner disable_element=&#8221;yes&#8221;][vc_column_inner width=&#8221;1\/3&#8243;][\/vc_column_inner][vc_column_inner width=&#8221;1\/3&#8243;][\/vc_column_inner][vc_column_inner width=&#8221;1\/3&#8243;][\/vc_column_inner][\/vc_row_inner][\/vc_column][vc_column][\/vc_column][vc_column][\/vc_column][\/vc_row][vc_row row_content_position=&#8221;middle&#8221; row_equal_height=&#8221;yes&#8221; css=&#8221;.vc_custom_1675461592015{margin-top: 30px !important;padding-bottom: 30px !important;}&#8221; el_id=&#8221;schoonmaak&#8221;][vc_column width=&#8221;1\/2&#8243;][vc_single_image image=&#8221;9331&#8243; style=&#8221;vc_box_rounded&#8221; onclick=&#8221;custom_link&#8221; link=&#8221;https:\/\/www.msbouwenschoonmaak.nl\/?page_id=10067&#8243;][\/vc_column][vc_column width=&#8221;1\/12&#8243;][\/vc_column][vc_column width=&#8221;5\/12&#8243;][vc_btn title=&#8221;Offerte aanvragen&#8221; style=&#8221;3d&#8221; shape=&#8221;round&#8221; color=&#8221;warning&#8221; align=&#8221;center&#8221; i_icon_fontawesome=&#8221;fas fa-arrow-alt-circle-right&#8221; add_icon=&#8221;true&#8221; link=&#8221;url:https%3A%2F%2Fwww.msbouwenschoonmaak.nl%2F%3Fpage_id%3D10022|title:Offerte|target:_blank&#8221;][\/vc_column][\/vc_row][vc_row row_content_position=&#8221;middle&#8221; row_equal_height=&#8221;yes&#8221; css=&#8221;.vc_custom_1675461545206{margin-top: 30px !important;padding-bottom: 30px<\/p>\n","protected":false},"author":2,"featured_media":0,"parent":0,"menu_order":0,"comment_status":"closed","ping_status":"closed","template":"","meta":{"footnotes":""},"class_list":["post-1326","page","type-page","status-publish","hentry"],"lang":"nl","translations":{"nl":1326,"tr":9649,"en":9647},"pll_sync_post":[],"_links":{"self":[{"href":"https:\/\/www.msbouwenschoonmaak.nl\/index.php?rest_route=\/wp\/v2\/pages\/1326","targetHints":{"allow":["GET"]}}],"collection":[{"href":"https:\/\/www.msbouwenschoonmaak.nl\/index.php?rest_route=\/wp\/v2\/pages"}],"about":[{"href":"https:\/\/www.msbouwenschoonmaak.nl\/index.php?rest_route=\/wp\/v2\/types\/page"}],"author":[{"embeddable":true,"href":"https:\/\/www.msbouwenschoonmaak.nl\/index.php?rest_route=\/wp\/v2\/users\/2"}],"replies":[{"embeddable":true,"href":"https:\/\/www.msbouwenschoonmaak.nl\/index.php?rest_route=%2Fwp%2Fv2%2Fcomments&post=1326"}],"version-history":[{"count":25,"href":"https:\/\/www.msbouwenschoonmaak.nl\/index.php?rest_route=\/wp\/v2\/pages\/1326\/revisions"}],"predecessor-version":[{"id":10486,"href":"https:\/\/www.msbouwenschoonmaak.nl\/index.php?rest_route=\/wp\/v2\/pages\/1326\/revisions\/10486"}],"wp:attachment":[{"href":"https:\/\/www.msbouwenschoonmaak.nl\/index.php?rest_route=%2Fwp%2Fv2%2Fmedia&parent=1326"}],"curies":[{"name":"wp","href":"https:\/\/api.w.org\/{rel}","templated":true}]}}