{"id":9656,"date":"2023-06-20T20:45:12","date_gmt":"2023-06-20T18:45:12","guid":{"rendered":"https:\/\/www.msbouwenschoonmaak.nl\/?page_id=9656"},"modified":"2025-12-17T14:06:44","modified_gmt":"2025-12-17T13:06:44","slug":"hakkimizda","status":"publish","type":"page","link":"https:\/\/www.msbouwenschoonmaak.nl\/?page_id=9656&lang=tr","title":{"rendered":"Hakk\u0131m\u0131zda"},"content":{"rendered":"<section class=\"wpb-content-wrapper\"><p>[vc_row row_content_position=&#8221;middle&#8221; row_equal_height=&#8221;yes&#8221; css=&#8221;.vc_custom_1673875948998{background-image: url(http:\/\/msbouwenschoonmaak.nl\/wp-content\/uploads\/2019\/05\/main-bg-1.png?id=8860) !important;background-position: center !important;background-repeat: no-repeat !important;background-size: cover !important;}&#8221; el_id=&#8221;first-row&#8221;][vc_column]\r\n\t<div class=\"bauer-spacer clearfix\" data-desktop=\"94\" data-mobi=\"60\" data-smobi=\"60\"><\/div>[vc_row_inner][vc_column_inner width=&#8221;1\/2&#8243;]<div class=\"bauer-single-heading clearfix \" style=\"margin-bottom:25px;\"><span class=\"inner\"><span class=\"heading clearfix \" style=\"font-weight:600;color:#cacaca;font-size:16px;\">\r\n\t\tHakk\u0131m\u0131zda\r\n\t<\/span><\/span><\/div><div class=\"bauer-text clearfix \" style=\"\"><div class=\"group w-full text-gray-800 dark:text-gray-100 border-b border-black\/10 dark:border-gray-900\/50 bg-gray-50 dark:bg-[#444654]\">\n<div class=\"flex p-4 gap-4 text-base md:gap-6 md:max-w-2xl lg:max-w-[38rem] xl:max-w-3xl md:py-6 lg:px-0 m-auto\">\n<div class=\"relative flex w-[calc(100%-50px)] flex-col gap-1 md:gap-3 lg:w-[calc(100%-115px)]\">\n<div class=\"flex flex-grow flex-col gap-3\">\n<div class=\"min-h-[20px] flex items-start overflow-x-auto whitespace-pre-wrap break-words flex-col gap-4\">\n<div class=\"markdown prose w-full break-words dark:prose-invert light\">\n<p>10 y\u0131l \u00f6nce sadece bir ki\u015fiyle ba\u015flad\u0131k. \u015eu anda \u015firketimiz deneyimli \u00e7al\u0131\u015fanlardan olu\u015fan bir ekip haline geldi.<\/p>\n<\/div>\n<\/div>\n<\/div>\n<\/div>\n<\/div>\n<\/div>\n<div class=\"group w-full text-gray-800 dark:text-gray-100 border-b border-black\/10 dark:border-gray-900\/50 dark:bg-gray-800\">\n<div class=\"flex p-4 gap-4 text-base md:gap-6 md:max-w-2xl lg:max-w-[38rem] xl:max-w-3xl md:py-6 lg:px-0 m-auto\">\n<div class=\"flex-shrink-0 flex flex-col relative items-end\">\n<div class=\"w-[30px]\">\n<div class=\"relative flex\"><\/div>\n<\/div>\n<\/div>\n<\/div>\n<\/div>\n<\/div><div class=\"bauer-text clearfix \" style=\"\"><p><span>MS Bouw &amp; Schoonmaak olarak \u00f6nceli\u011fimiz, temizlik ve in\u015faat\u0131n\u0131z i\u00e7in g\u00fcvenilir ve uzman personel sa\u011flamakt\u0131r.<\/span><\/p>\n<p><span>Temizlik hizmeti i\u00e7in \u015firketinizde deneyim ve kalitenin \u00f6nemli oldu\u011funun fark\u0131nday\u0131z. D\u00fczenli bir \u00e7al\u0131\u015fma ortam\u0131 y\u00fcksek verimlili\u011fe ve elbette ho\u015f bir \u00e7al\u0131\u015fma atmosferine katk\u0131 sa\u011flar.<\/span><\/p>\n<p><span>G\u00fcnl\u00fck veya periyodik temizlik i\u015flerinizi profesyonel bir \u015fekilde \u00fcstlenmekten memnuniyet duyar\u0131z. Bu konuda size yard\u0131mc\u0131 olmak i\u00e7in buraday\u0131z.<\/span><\/p>\n<p><span>\u0130n\u015faat konusunda, k\u00fc\u00e7\u00fck bir ev veya bir in\u015faat alan\u0131 olsun, ihtiya\u00e7lar\u0131n\u0131za uygun nitelikli \u00e7al\u0131\u015fanlara sahibiz.<\/span><\/p>\n<p><span>Kendi \u00e7al\u0131\u015fanlar\u0131m\u0131z haftan\u0131n 7 g\u00fcn\u00fc kiralanabilir ve esnek olarak g\u00f6revlendirilebilir. Her b\u00f6lgede personel sa\u011flayabiliyoruz.<\/span><\/p>\n<p><span>Elbette, hizmet anlay\u0131\u015f\u0131n\u0131z\u0131 merak ediyoruz. Bize ula\u015fmaktan \u00e7ekinmeyin ve bir teklif isteyin. \u0130mk\u00e2nlar\u0131 birlikte de\u011ferlendirmekten memnuniyet duyar\u0131z.<\/span><\/p>\n<\/div>[\/vc_column_inner][vc_column_inner width=&#8221;1\/2&#8243;]\r\n\t<div class=\"bauer-spacer clearfix\" data-desktop=\"55\" data-mobi=\"40\" data-smobi=\"40\"><\/div><div class=\"bauer-simple-image text-center\" style=\"\" >\r\n\t\t\t<img decoding=\"async\" alt=\"image\" src=\"https:\/\/www.msbouwenschoonmaak.nl\/wp-content\/uploads\/yillik.png\" \/> \r\n\t\t<\/div>[\/vc_column_inner][\/vc_row_inner]\r\n\t<div class=\"bauer-spacer clearfix\" data-desktop=\"100\" data-mobi=\"60\" data-smobi=\"60\"><\/div>[\/vc_column][\/vc_row][vc_row css=&#8221;.vc_custom_1558754436718{background-image: url(http:\/\/msbouwenschoonmaak.nl\/wp-content\/uploads\/2019\/05\/main-bg-2.png?id=8865) !important;background-position: center !important;background-repeat: no-repeat !important;background-size: cover !important;}&#8221;][vc_column]<div class=\"bauer-content-box clearfix \" data-padding=\"22px 100px 26px 100px\" data-mobipadding=\"22px 50px 26px 50px\" data-margin=\"-30px 0px 0px 0px\" data-mobimargin=\"-30px 0px 0px 0px\" >\r\n\t\t<div class=\"inner ctb-1958620996\" style=\"background-size:cover;\"  data-background=\"#ffc600\" data-rounded=\"7px\">\r\n\t\t\t<div class=\"bauer-action-box \" style=\"\">\r\n\t\t<div class=\"inner\">\r\n\t\t<div class=\"heading-wrap \">\r\n\t\t\t<div class=\"text-wrap\" style=\"\">\r\n\t\t\t\t<h2 class=\"heading\" style=\"font-weight:500;color:#ffffff;font-size:28px;line-height:41px;\">\r\n\t\t\t\t\t\u0130nsan g\u00fcc\u00fcnde m\u00fckemmelli\u011fi sa\u011flamak\r\n\t\t\t\t<\/h2>\r\n\t\t\t<\/div>\r\n\t\t<\/div><div class=\"url-wrap\" style=\"padding-top:15px;\">\r\n\t\t\t<a target=\"no\" class=\"bauer-button medium btn-71871164 custom\" href=\"\/?page_id=9643&amp;lang=tr\" style=\"border-radius:30px;\"  data-text=\"#030f27\" data-background=\"#ffffff\" data-text-hover=\"#ffffff\" data-background-hover=\"#414042\"><span>Bizi Aray\u0131n<\/span><\/a>\r\n\t\t<\/div><\/div>\r\n\t<\/div>\r\n\t\t<\/div>\r\n\t<\/div>\r\n\t<div class=\"bauer-spacer clearfix\" data-desktop=\"94\" data-mobi=\"60\" data-smobi=\"60\"><\/div>[vc_row_inner][vc_column_inner width=&#8221;1\/2&#8243;]<div class=\"bauer-single-heading clearfix \" style=\"margin-bottom:25px;\"><span class=\"inner\"><span class=\"heading clearfix \" style=\"font-weight:600;color:#cacaca;font-size:16px;\">\r\n\t\tVizyon\r\n\t<\/span><\/span><\/div><h2 class=\"bauer-text clearfix \" style=\"font-size:36px;line-height:50px;color:#030f27;\"><p>Deneyimli profesyonellerle, ba\u015far\u0131l\u0131 projelerin uygulanmas\u0131nda size destek oluyoruz.<\/p>\n<\/h2>[\/vc_column_inner][vc_column_inner width=&#8221;1\/2&#8243;]\r\n\t<div class=\"bauer-spacer clearfix\" data-desktop=\"52\" data-mobi=\"40\" data-smobi=\"40\"><\/div><div class=\"bauer-text clearfix \" style=\"font-size:18px;line-height:30px;color:#414042;margin-bottom:23px;\"><p>\u0130ki y\u00f6nl\u00fc ve sa\u011fl\u0131kl\u0131 ileti\u015fim ile sorunlar\u0131 yerinde tespit edip, eksiksiz \u00e7\u00f6z\u00fcmler sunarak m\u00fc\u015fteri memnuniyetini sa\u011flamak i\u00e7in \u00e7al\u0131\u015f\u0131yoruz.<\/p>\n<\/div><div class=\"bauer-text clearfix \" style=\"\"><p>S\u00fcrekli kontrollerimiz ve net ileti\u015fimimiz ile olas\u0131 sorunlar\u0131 en aza indiririz.<\/p>\n<\/div>[\/vc_column_inner][\/vc_row_inner]\r\n\t<div class=\"bauer-spacer clearfix\" data-desktop=\"120\" data-mobi=\"50\" data-smobi=\"50\"><\/div>[\/vc_column][\/vc_row][vc_row fullwidth=&#8221;yes&#8221;][vc_column]<div class=\"bauer-carousel-box arrow-style-1 arrow-center offsetcenter offset-v0 arrow50\" data-auto=\"false\" data-loop=\"false\" data-gap=\"0\" data-column=\"4\" data-column2=\"2\" data-column3=\"1\">\n        <div class=\"owl-carousel owl-theme\"><div class=\"bauer-image-box clearfix style-2 text-center\" style=\"\" >\r\n        <div class=\"item\">\r\n            <div class=\"inner\">\r\n                <div class=\"thumb\" style=\"\"><img loading=\"lazy\" decoding=\"async\" width=\"1500\" height=\"1875\" src=\"https:\/\/www.msbouwenschoonmaak.nl\/wp-content\/uploads\/2023\/02\/Galeri5.webp\" class=\"attachment-full size-full\" alt=\"\" srcset=\"https:\/\/www.msbouwenschoonmaak.nl\/wp-content\/uploads\/2023\/02\/Galeri5.webp 1500w, https:\/\/www.msbouwenschoonmaak.nl\/wp-content\/uploads\/2023\/02\/Galeri5-240x300.webp 240w, https:\/\/www.msbouwenschoonmaak.nl\/wp-content\/uploads\/2023\/02\/Galeri5-819x1024.webp 819w, https:\/\/www.msbouwenschoonmaak.nl\/wp-content\/uploads\/2023\/02\/Galeri5-768x960.webp 768w, https:\/\/www.msbouwenschoonmaak.nl\/wp-content\/uploads\/2023\/02\/Galeri5-1229x1536.webp 1229w, https:\/\/www.msbouwenschoonmaak.nl\/wp-content\/uploads\/2023\/02\/Galeri5-480x600.webp 480w, https:\/\/www.msbouwenschoonmaak.nl\/wp-content\/uploads\/2023\/02\/Galeri5-870x1088.webp 870w, https:\/\/www.msbouwenschoonmaak.nl\/wp-content\/uploads\/2023\/02\/Galeri5-640x800.webp 640w\" sizes=\"auto, (max-width: 1500px) 100vw, 1500px\" \/> <\/div>\r\n                <div class=\"text-wrap \" style=\"\">\r\n                    <h3 class=\"title\" style=\"\">\r\n            Temizlik\r\n        <\/h3>  <div class=\"url-wrap\">\r\n            <a href=\"https:\/\/www.msbouwenschoonmaak.nl\/?page_id=9649&amp;lang=tr\/#temizlik\" target=\"_blank\" class=\"bauer-links link-style-1\" style=\"\">\r\n                <span class=\"text\">Devam\u0131n\u0131 Oku<\/span>\r\n            <\/a>\r\n        <\/div>\r\n                <\/div>\r\n                \r\n            <\/div>\r\n        <\/div>\r\n    <\/div><div class=\"bauer-image-box clearfix style-2 text-center\" style=\"\" >\r\n        <div class=\"item\">\r\n            <div class=\"inner\">\r\n                <div class=\"thumb\" style=\"\"><img loading=\"lazy\" decoding=\"async\" width=\"1500\" height=\"1875\" src=\"https:\/\/www.msbouwenschoonmaak.nl\/wp-content\/uploads\/2023\/02\/Galeri2.webp\" class=\"attachment-full size-full\" alt=\"\" srcset=\"https:\/\/www.msbouwenschoonmaak.nl\/wp-content\/uploads\/2023\/02\/Galeri2.webp 1500w, https:\/\/www.msbouwenschoonmaak.nl\/wp-content\/uploads\/2023\/02\/Galeri2-240x300.webp 240w, https:\/\/www.msbouwenschoonmaak.nl\/wp-content\/uploads\/2023\/02\/Galeri2-819x1024.webp 819w, https:\/\/www.msbouwenschoonmaak.nl\/wp-content\/uploads\/2023\/02\/Galeri2-768x960.webp 768w, https:\/\/www.msbouwenschoonmaak.nl\/wp-content\/uploads\/2023\/02\/Galeri2-1229x1536.webp 1229w, https:\/\/www.msbouwenschoonmaak.nl\/wp-content\/uploads\/2023\/02\/Galeri2-480x600.webp 480w, https:\/\/www.msbouwenschoonmaak.nl\/wp-content\/uploads\/2023\/02\/Galeri2-870x1088.webp 870w, https:\/\/www.msbouwenschoonmaak.nl\/wp-content\/uploads\/2023\/02\/Galeri2-640x800.webp 640w\" sizes=\"auto, (max-width: 1500px) 100vw, 1500px\" \/> <\/div>\r\n                <div class=\"text-wrap \" style=\"\">\r\n                    <h3 class=\"title\" style=\"\">\r\n            \u0130n\u015faat\r\n        <\/h3>  <div class=\"url-wrap\">\r\n            <a href=\"https:\/\/www.msbouwenschoonmaak.nl\/?page_id=9649&amp;lang=tr\/#insaat\" target=\"_blank\" class=\"bauer-links link-style-1\" style=\"\">\r\n                <span class=\"text\">Devam\u0131n\u0131 Oku<\/span>\r\n            <\/a>\r\n        <\/div>\r\n                <\/div>\r\n                \r\n            <\/div>\r\n        <\/div>\r\n    <\/div><div class=\"bauer-image-box clearfix style-2 text-center\" style=\"\" >\r\n        <div class=\"item\">\r\n            <div class=\"inner\">\r\n                <div class=\"thumb\" style=\"\"><img loading=\"lazy\" decoding=\"async\" width=\"1500\" height=\"1875\" src=\"https:\/\/www.msbouwenschoonmaak.nl\/wp-content\/uploads\/Galeri7.webp\" class=\"attachment-full size-full\" alt=\"\" srcset=\"https:\/\/www.msbouwenschoonmaak.nl\/wp-content\/uploads\/Galeri7.webp 1500w, https:\/\/www.msbouwenschoonmaak.nl\/wp-content\/uploads\/Galeri7-240x300.webp 240w, https:\/\/www.msbouwenschoonmaak.nl\/wp-content\/uploads\/Galeri7-819x1024.webp 819w, https:\/\/www.msbouwenschoonmaak.nl\/wp-content\/uploads\/Galeri7-768x960.webp 768w, https:\/\/www.msbouwenschoonmaak.nl\/wp-content\/uploads\/Galeri7-1229x1536.webp 1229w, https:\/\/www.msbouwenschoonmaak.nl\/wp-content\/uploads\/Galeri7-480x600.webp 480w, https:\/\/www.msbouwenschoonmaak.nl\/wp-content\/uploads\/Galeri7-870x1088.webp 870w, https:\/\/www.msbouwenschoonmaak.nl\/wp-content\/uploads\/Galeri7-640x800.webp 640w\" sizes=\"auto, (max-width: 1500px) 100vw, 1500px\" \/> <\/div>\r\n                <div class=\"text-wrap \" style=\"\">\r\n                    <h3 class=\"title\" style=\"\">\r\n            Yol \u00e7al\u0131\u015fmas\u0131\r\n        <\/h3>  <div class=\"url-wrap\">\r\n            <a href=\"https:\/\/www.msbouwenschoonmaak.nl\/?page_id=9649&amp;lang=tr\/#yolcalismasi\" target=\"_blank\" class=\"bauer-links link-style-1\" style=\"\">\r\n                <span class=\"text\">Devam\u0131n\u0131 Oku<\/span>\r\n            <\/a>\r\n        <\/div>\r\n                <\/div>\r\n                \r\n            <\/div>\r\n        <\/div>\r\n    <\/div><div class=\"bauer-image-box clearfix style-2 text-center\" style=\"\" >\r\n        <div class=\"item\">\r\n            <div class=\"inner\">\r\n                <div class=\"thumb\" style=\"\"><img loading=\"lazy\" decoding=\"async\" width=\"1500\" height=\"1875\" src=\"https:\/\/www.msbouwenschoonmaak.nl\/wp-content\/uploads\/2023\/02\/Galeri4.webp\" class=\"attachment-full size-full\" alt=\"\" srcset=\"https:\/\/www.msbouwenschoonmaak.nl\/wp-content\/uploads\/2023\/02\/Galeri4.webp 1500w, https:\/\/www.msbouwenschoonmaak.nl\/wp-content\/uploads\/2023\/02\/Galeri4-240x300.webp 240w, https:\/\/www.msbouwenschoonmaak.nl\/wp-content\/uploads\/2023\/02\/Galeri4-819x1024.webp 819w, https:\/\/www.msbouwenschoonmaak.nl\/wp-content\/uploads\/2023\/02\/Galeri4-768x960.webp 768w, https:\/\/www.msbouwenschoonmaak.nl\/wp-content\/uploads\/2023\/02\/Galeri4-1229x1536.webp 1229w, https:\/\/www.msbouwenschoonmaak.nl\/wp-content\/uploads\/2023\/02\/Galeri4-480x600.webp 480w, https:\/\/www.msbouwenschoonmaak.nl\/wp-content\/uploads\/2023\/02\/Galeri4-870x1088.webp 870w, https:\/\/www.msbouwenschoonmaak.nl\/wp-content\/uploads\/2023\/02\/Galeri4-640x800.webp 640w\" sizes=\"auto, (max-width: 1500px) 100vw, 1500px\" \/> <\/div>\r\n                <div class=\"text-wrap \" style=\"\">\r\n                    <h3 class=\"title\" style=\"\">\r\n            Park ve bah\u00e7e\r\n        <\/h3>  <div class=\"url-wrap\">\r\n            <a href=\"https:\/\/www.msbouwenschoonmaak.nl\/?page_id=9649&amp;lang=tr\/#park-ve-bahce\" target=\"_blank\" class=\"bauer-links link-style-1\" style=\"\">\r\n                <span class=\"text\">Devam\u0131n\u0131 Oku<\/span>\r\n            <\/a>\r\n        <\/div>\r\n                <\/div>\r\n                \r\n            <\/div>\r\n        <\/div>\r\n    <\/div><div class=\"bauer-image-box clearfix style-2 text-center\" style=\"\" >\r\n        <div class=\"item\">\r\n            <div class=\"inner\">\r\n                <div class=\"thumb\" style=\"\"> <\/div>\r\n                <div class=\"text-wrap \" style=\"\">\r\n                    <h3 class=\"title\" style=\"\">\r\n            Otel\r\n        <\/h3>  <div class=\"url-wrap\">\r\n            <a href=\"https:\/\/www.msbouwenschoonmaak.nl\/?page_id=9649&amp;lang=tr\/#otel\" target=\"_blank\" class=\"bauer-links link-style-1\" style=\"\">\r\n                <span class=\"text\">Devam\u0131n\u0131 Oku<\/span>\r\n            <\/a>\r\n        <\/div>\r\n                <\/div>\r\n                \r\n            <\/div>\r\n        <\/div>\r\n    <\/div><div class=\"bauer-image-box clearfix style-2 text-center\" style=\"\" >\r\n        <div class=\"item\">\r\n            <div class=\"inner\">\r\n                <div class=\"thumb\" style=\"\"><img loading=\"lazy\" decoding=\"async\" width=\"1500\" height=\"1875\" src=\"https:\/\/www.msbouwenschoonmaak.nl\/wp-content\/uploads\/2023\/02\/Galeri3.webp\" class=\"attachment-full size-full\" alt=\"\" srcset=\"https:\/\/www.msbouwenschoonmaak.nl\/wp-content\/uploads\/2023\/02\/Galeri3.webp 1500w, https:\/\/www.msbouwenschoonmaak.nl\/wp-content\/uploads\/2023\/02\/Galeri3-240x300.webp 240w, https:\/\/www.msbouwenschoonmaak.nl\/wp-content\/uploads\/2023\/02\/Galeri3-819x1024.webp 819w, https:\/\/www.msbouwenschoonmaak.nl\/wp-content\/uploads\/2023\/02\/Galeri3-768x960.webp 768w, https:\/\/www.msbouwenschoonmaak.nl\/wp-content\/uploads\/2023\/02\/Galeri3-1229x1536.webp 1229w, https:\/\/www.msbouwenschoonmaak.nl\/wp-content\/uploads\/2023\/02\/Galeri3-480x600.webp 480w, https:\/\/www.msbouwenschoonmaak.nl\/wp-content\/uploads\/2023\/02\/Galeri3-870x1088.webp 870w, https:\/\/www.msbouwenschoonmaak.nl\/wp-content\/uploads\/2023\/02\/Galeri3-640x800.webp 640w\" sizes=\"auto, (max-width: 1500px) 100vw, 1500px\" \/> <\/div>\r\n                <div class=\"text-wrap \" style=\"\">\r\n                    <h3 class=\"title\" style=\"\">\r\n            Nakliyat\r\n        <\/h3>  <div class=\"url-wrap\">\r\n            <a href=\"https:\/\/www.msbouwenschoonmaak.nl\/?page_id=9649&amp;lang=tr\/#tasinma\" target=\"_blank\" class=\"bauer-links link-style-1\" style=\"\">\r\n                <span class=\"text\">Devam\u0131n\u0131 Oku<\/span>\r\n            <\/a>\r\n        <\/div>\r\n                <\/div>\r\n                \r\n            <\/div>\r\n        <\/div>\r\n    <\/div><\/div>\n\t<\/div>[\/vc_column][\/vc_row]<\/p>\n<\/section>","protected":false},"excerpt":{"rendered":"<p>[vc_row row_content_position=&#8221;middle&#8221; row_equal_height=&#8221;yes&#8221; css=&#8221;.vc_custom_1673875948998{background-image: url(http:\/\/msbouwenschoonmaak.nl\/wp-content\/uploads\/2019\/05\/main-bg-1.png?id=8860) !important;background-position: center !important;background-repeat: no-repeat !important;background-size: cover !important;}&#8221; el_id=&#8221;first-row&#8221;][vc_column][vc_row_inner][vc_column_inner width=&#8221;1\/2&#8243;][\/vc_column_inner][vc_column_inner width=&#8221;1\/2&#8243;][\/vc_column_inner][\/vc_row_inner][\/vc_column][\/vc_row][vc_row css=&#8221;.vc_custom_1558754436718{background-image: url(http:\/\/msbouwenschoonmaak.nl\/wp-content\/uploads\/2019\/05\/main-bg-2.png?id=8865) !important;background-position: center !important;background-repeat: no-repeat !important;background-size: cover !important;}&#8221;][vc_column][vc_row_inner][vc_column_inner width=&#8221;1\/2&#8243;][\/vc_column_inner][vc_column_inner width=&#8221;1\/2&#8243;][\/vc_column_inner][\/vc_row_inner][\/vc_column][\/vc_row][vc_row fullwidth=&#8221;yes&#8221;][vc_column][\/vc_column][\/vc_row]<\/p>\n","protected":false},"author":2,"featured_media":0,"parent":0,"menu_order":0,"comment_status":"closed","ping_status":"closed","template":"","meta":{"footnotes":""},"class_list":["post-9656","page","type-page","status-publish","hentry"],"lang":"tr","translations":{"tr":9656,"en":9654,"nl":1316},"pll_sync_post":[],"_links":{"self":[{"href":"https:\/\/www.msbouwenschoonmaak.nl\/index.php?rest_route=\/wp\/v2\/pages\/9656","targetHints":{"allow":["GET"]}}],"collection":[{"href":"https:\/\/www.msbouwenschoonmaak.nl\/index.php?rest_route=\/wp\/v2\/pages"}],"about":[{"href":"https:\/\/www.msbouwenschoonmaak.nl\/index.php?rest_route=\/wp\/v2\/types\/page"}],"author":[{"embeddable":true,"href":"https:\/\/www.msbouwenschoonmaak.nl\/index.php?rest_route=\/wp\/v2\/users\/2"}],"replies":[{"embeddable":true,"href":"https:\/\/www.msbouwenschoonmaak.nl\/index.php?rest_route=%2Fwp%2Fv2%2Fcomments&post=9656"}],"version-history":[{"count":9,"href":"https:\/\/www.msbouwenschoonmaak.nl\/index.php?rest_route=\/wp\/v2\/pages\/9656\/revisions"}],"predecessor-version":[{"id":10488,"href":"https:\/\/www.msbouwenschoonmaak.nl\/index.php?rest_route=\/wp\/v2\/pages\/9656\/revisions\/10488"}],"wp:attachment":[{"href":"https:\/\/www.msbouwenschoonmaak.nl\/index.php?rest_route=%2Fwp%2Fv2%2Fmedia&parent=9656"}],"curies":[{"name":"wp","href":"https:\/\/api.w.org\/{rel}","templated":true}]}}